{"id":1742,"date":"2025-12-10T13:45:50","date_gmt":"2025-12-10T13:45:50","guid":{"rendered":"https:\/\/sztukapracyzenergia.pl\/?page_id=1742"},"modified":"2025-12-10T14:10:32","modified_gmt":"2025-12-10T14:10:32","slug":"sylwester-z-tancem-intuicyjnym-i-medytacja-31-12-2025-wroclaw","status":"publish","type":"page","link":"https:\/\/sztukapracyzenergia.pl\/?page_id=1742","title":{"rendered":"Sylwester z Ta\u0144cem Intuicyjnym i Medytacj\u0105 | 31.12.2025 Wroc\u0142aw"},"content":{"rendered":"\t\t<div data-elementor-type=\"wp-page\" data-elementor-id=\"1742\" class=\"elementor elementor-1742\" data-elementor-settings=\"{&quot;ha_cmc_init_switcher&quot;:&quot;no&quot;}\">\n\t\t\t\t<div class=\"elementor-element elementor-element-94b9e86 e-flex e-con-boxed e-con e-parent\" data-id=\"94b9e86\" data-element_type=\"container\" data-settings=\"{&quot;_ha_eqh_enable&quot;:false}\">\n\t\t\t\t\t<div class=\"e-con-inner\">\n\t\t\t\t<div class=\"elementor-element elementor-element-126283c elementor-widget elementor-widget-heading\" data-id=\"126283c\" data-element_type=\"widget\" data-widget_type=\"heading.default\">\n\t\t\t\t<div class=\"elementor-widget-container\">\n\t\t\t<h2 class=\"elementor-heading-title elementor-size-default\"><b><img decoding=\"async\" role=\"img\" class=\"emoji\" alt=\"\ud83c\udf1f\" src=\"https:\/\/s.w.org\/images\/core\/emoji\/14.0.0\/svg\/1f31f.svg\"> \u015awietlisty Sylwester vol. 4 <img decoding=\"async\" role=\"img\" class=\"emoji\" alt=\"\ud83c\udf1f\" src=\"https:\/\/s.w.org\/images\/core\/emoji\/14.0.0\/svg\/1f31f.svg\"><\/b><b><br><\/b><br>\nKochanie Istnienia,<br>\nz mi\u0142o\u015bci\u0105 zapraszam Was do Wroc\u0142awia na kolejn\u0105 ods\u0142on\u0119 \u015awietlistego Sylwestra \u2014 wsp\u00f3lne, \u015bwiadome wkroczenie w Nowy Rok w energii lekko\u015bci, serca i obecno\u015bci <img decoding=\"async\" role=\"img\" class=\"emoji\" alt=\"\u2728\" src=\"https:\/\/s.w.org\/images\/core\/emoji\/14.0.0\/svg\/2728.svg\"><img decoding=\"async\" role=\"img\" class=\"emoji\" alt=\"\ud83e\udd32\" src=\"https:\/\/s.w.org\/images\/core\/emoji\/14.0.0\/svg\/1f932.svg\"><img decoding=\"async\" role=\"img\" class=\"emoji\" alt=\"\u263a\" src=\"https:\/\/s.w.org\/images\/core\/emoji\/14.0.0\/svg\/263a.svg\"><br><br>\n<b>Tak jak zawsze:<\/b><br><b>\n<\/b><img decoding=\"async\" role=\"img\" class=\"emoji\" alt=\"\ud83c\udf31\" src=\"https:\/\/s.w.org\/images\/core\/emoji\/14.0.0\/svg\/1f331.svg\"> wegetaria\u0144sko<br>\n<img decoding=\"async\" role=\"img\" class=\"emoji\" alt=\"\ud83c\udf43\" src=\"https:\/\/s.w.org\/images\/core\/emoji\/14.0.0\/svg\/1f343.svg\"> bez alkoholu i u\u017cywek<br>\n<img decoding=\"async\" role=\"img\" class=\"emoji\" alt=\"\ud83d\udc9a\" src=\"https:\/\/s.w.org\/images\/core\/emoji\/14.0.0\/svg\/1f49a.svg\"> w atmosferze swobody bycia sob\u0105<br><br>\nPo wydarzeniu mo\u017cna zosta\u0107 na noc bez dodatkowej op\u0142aty <img decoding=\"async\" role=\"img\" class=\"emoji\" alt=\"\ud83d\ude00\" src=\"https:\/\/s.w.org\/images\/core\/emoji\/14.0.0\/svg\/1f600.svg\">. Na miejscu dost\u0119pne s\u0105: prysznic, maty do jogi i koce \u2014 wi\u0119c nie trzeba niczego specjalnego przywozi\u0107.<br><br>\n<img decoding=\"async\" role=\"img\" class=\"emoji\" alt=\"\ud83d\udccd\" src=\"https:\/\/s.w.org\/images\/core\/emoji\/14.0.0\/svg\/1f4cd.svg\"> <b>Miejsce<\/b><br>\nPlac Pereca 2\/1, Wroc\u0142aw<br><br>\n<b>Plan wydarzenia:<\/b><br><b>\n<\/b>17:00\u201319:00 \u2014 Przybywanie na sal\u0119, rozmowy<br>\n19:00\u201322:00 \u2014 Kr\u0105g, zabawy integracyjne i wsp\u00f3lna medytacja<br>\n23:50 \u2014 Ceremonia Kakao i Taniec Intuicyjny<br>\n00:00\u20132:00 \u2014 Zabawa taneczna<br>\n2:00 \u2014 Zako\u0144czenie<br><br>\nKa\u017cdy przynosi co\u015b na wsp\u00f3lny st\u00f3\u0142 <img decoding=\"async\" role=\"img\" class=\"emoji\" alt=\"\ud83d\ude4f\" src=\"https:\/\/s.w.org\/images\/core\/emoji\/14.0.0\/svg\/1f64f.svg\"><img decoding=\"async\" role=\"img\" class=\"emoji\" alt=\"\u263a\" src=\"https:\/\/s.w.org\/images\/core\/emoji\/14.0.0\/svg\/263a.svg\"><br>\nBezalkoholowy szampan jest zapewniony <img decoding=\"async\" role=\"img\" class=\"emoji\" alt=\"\ud83e\udd32\" src=\"https:\/\/s.w.org\/images\/core\/emoji\/14.0.0\/svg\/1f932.svg\"><img decoding=\"async\" role=\"img\" class=\"emoji\" alt=\"\ud83d\ude00\" src=\"https:\/\/s.w.org\/images\/core\/emoji\/14.0.0\/svg\/1f600.svg\"><br><br>\n<img decoding=\"async\" role=\"img\" class=\"emoji\" alt=\"\ud83d\udce9\" src=\"https:\/\/s.w.org\/images\/core\/emoji\/14.0.0\/svg\/1f4e9.svg\"> <b>Zapisy<\/b><br>\nAdriana, Dama Lama<br>\n<img decoding=\"async\" role=\"img\" class=\"emoji\" alt=\"\u2709\ufe0f\" src=\"https:\/\/s.w.org\/images\/core\/emoji\/14.0.0\/svg\/2709.svg\"> damalama.edu@gmail.com<br><br>\n<img decoding=\"async\" role=\"img\" class=\"emoji\" alt=\"\ud83d\udc9b\" src=\"https:\/\/s.w.org\/images\/core\/emoji\/14.0.0\/svg\/1f49b.svg\"> <b>Zrzutka sylwestrowa<\/b>: 111 z\u0142<br><br>\n<b><img decoding=\"async\" role=\"img\" class=\"emoji\" alt=\"\ud83d\udcb3\" src=\"https:\/\/s.w.org\/images\/core\/emoji\/14.0.0\/svg\/1f4b3.svg\"> P\u0142atno\u015b\u0107 przelewem:<br><\/b>\nOdbiorca: Aleksandra Porowska<br>\nNr rachunku: 64 1140 2004 0000 3902 8264 3966<br>\nTytu\u0142 przelewu: Sylwester<\/h2>\t\t<\/div>\n\t\t\t\t<\/div>\n\t\t\t\t\t<\/div>\n\t\t\t\t<\/div>\n\t\t<div class=\"elementor-element elementor-element-08585cc e-flex e-con-boxed e-con e-parent\" data-id=\"08585cc\" data-element_type=\"container\" data-settings=\"{&quot;_ha_eqh_enable&quot;:false}\">\n\t\t\t\t\t<div class=\"e-con-inner\">\n\t\t\t\t<div class=\"elementor-element elementor-element-0ff8912 elementor-shape-rounded elementor-grid-0 e-grid-align-center elementor-widget elementor-widget-social-icons\" data-id=\"0ff8912\" data-element_type=\"widget\" data-widget_type=\"social-icons.default\">\n\t\t\t\t<div class=\"elementor-widget-container\">\n\t\t\t\t\t<div class=\"elementor-social-icons-wrapper elementor-grid\">\n\t\t\t\t\t\t\t<span class=\"elementor-grid-item\">\n\t\t\t\t\t<a class=\"elementor-icon elementor-social-icon elementor-social-icon-facebook elementor-repeater-item-5bfe3eb\" href=\"https:\/\/fb.me\/e\/6XeIDLXUT\" target=\"_blank\">\n\t\t\t\t\t\t<span class=\"elementor-screen-only\">Facebook<\/span>\n\t\t\t\t\t\t<i class=\"fab fa-facebook\"><\/i>\t\t\t\t\t<\/a>\n\t\t\t\t<\/span>\n\t\t\t\t\t<\/div>\n\t\t\t\t<\/div>\n\t\t\t\t<\/div>\n\t\t\t\t\t<\/div>\n\t\t\t\t<\/div>\n\t\t<div class=\"elementor-element elementor-element-d9becf1 e-flex e-con-boxed e-con e-parent\" data-id=\"d9becf1\" data-element_type=\"container\" data-settings=\"{&quot;_ha_eqh_enable&quot;:false}\">\n\t\t\t\t\t<div class=\"e-con-inner\">\n\t\t\t\t<div class=\"elementor-element elementor-element-12e4258 elementor-widget-divider--view-line_icon elementor-view-default elementor-widget-divider--element-align-center elementor-widget elementor-widget-divider\" data-id=\"12e4258\" data-element_type=\"widget\" data-widget_type=\"divider.default\">\n\t\t\t\t<div class=\"elementor-widget-container\">\n\t\t\t\t\t<div class=\"elementor-divider\">\n\t\t\t<span class=\"elementor-divider-separator\">\n\t\t\t\t\t\t\t<div class=\"elementor-icon elementor-divider__element\">\n\t\t\t\t\t<i aria-hidden=\"true\" class=\"fas fa-yin-yang\"><\/i><\/div>\n\t\t\t\t\t\t<\/span>\n\t\t<\/div>\n\t\t\t\t<\/div>\n\t\t\t\t<\/div>\n\t\t\t\t\t<\/div>\n\t\t\t\t<\/div>\n\t\t\t\t<\/div>\n\t\t","protected":false},"excerpt":{"rendered":"<p>\u015awietlisty Sylwester vol. 4 Kochanie Istnienia, z mi\u0142o\u015bci\u0105 zapraszam Was do Wroc\u0142awia na kolejn\u0105 ods\u0142on\u0119 \u015awietlistego Sylwestra \u2014 wsp\u00f3lne, \u015bwiadome wkroczenie w Nowy Rok w energii lekko\u015bci, serca i obecno\u015bci Tak jak zawsze: wegetaria\u0144sko bez alkoholu i u\u017cywek w atmosferze swobody bycia sob\u0105 Po wydarzeniu mo\u017cna zosta\u0107 na noc bez dodatkowej op\u0142aty . Na miejscu <a class=\"read-more\" href=\"https:\/\/sztukapracyzenergia.pl\/?page_id=1742\">READ MORE<\/a><\/p>\n","protected":false},"author":1,"featured_media":0,"parent":0,"menu_order":0,"comment_status":"closed","ping_status":"closed","template":"","meta":{"footnotes":""},"_links":{"self":[{"href":"https:\/\/sztukapracyzenergia.pl\/index.php?rest_route=\/wp\/v2\/pages\/1742"}],"collection":[{"href":"https:\/\/sztukapracyzenergia.pl\/index.php?rest_route=\/wp\/v2\/pages"}],"about":[{"href":"https:\/\/sztukapracyzenergia.pl\/index.php?rest_route=\/wp\/v2\/types\/page"}],"author":[{"embeddable":true,"href":"https:\/\/sztukapracyzenergia.pl\/index.php?rest_route=\/wp\/v2\/users\/1"}],"replies":[{"embeddable":true,"href":"https:\/\/sztukapracyzenergia.pl\/index.php?rest_route=%2Fwp%2Fv2%2Fcomments&post=1742"}],"version-history":[{"count":10,"href":"https:\/\/sztukapracyzenergia.pl\/index.php?rest_route=\/wp\/v2\/pages\/1742\/revisions"}],"predecessor-version":[{"id":1756,"href":"https:\/\/sztukapracyzenergia.pl\/index.php?rest_route=\/wp\/v2\/pages\/1742\/revisions\/1756"}],"wp:attachment":[{"href":"https:\/\/sztukapracyzenergia.pl\/index.php?rest_route=%2Fwp%2Fv2%2Fmedia&parent=1742"}],"curies":[{"name":"wp","href":"https:\/\/api.w.org\/{rel}","templated":true}]}}